{"id":782,"date":"2023-05-03T11:25:43","date_gmt":"2023-05-03T09:25:43","guid":{"rendered":"https:\/\/paris-noe.me\/nowaient\/produit\/t-shirt-nwnt\/"},"modified":"2024-05-26T17:17:40","modified_gmt":"2024-05-26T15:17:40","slug":"t-shirt-nwnt","status":"publish","type":"product","link":"https:\/\/paris-noe.me\/nowaient\/produit\/t-shirt-nwnt\/","title":{"rendered":"NWNT &#8211; T-Shirt"},"content":{"rendered":"<p>Un classique ind\u00e9modable. Noir comme ton \u00e2me, avec le logo typographique blanc brod\u00e9, ce t-shirt sera parfait pour toutes tes manifs. Avec lui, tu seras le plus styl\u00e9 pour affronter les forces de l&#8217;ordre.<\/p>\n<p>\u2022 100 % coton<br \/>\n\u2022 Sport Grey 90 % coton, 10 % polyester<br \/>\n\u2022 Ash Grey 99 % coton, 1 % polyester<br \/>\n\u2022 Coloris Heather 50 % coton, 50 % polyester<br \/>\n\u2022 Poids du tissu : 5 &#8211; 5,3 oz\/yd\u00b2 (170 &#8211; 180 g\/m\u00b2)<br \/>\n\u2022 Fil open end<br \/>\n\u2022 Textile tubulaire<br \/>\n\u2022 Bande de propret\u00e9 de cou et d&#8217;\u00e9paules<br \/>\n\u2022 Double couture aux manches et \u00e0 l&#8217;ourlet inf\u00e9rieur<\/p>\n","protected":false},"excerpt":{"rendered":"<p>Un classique ind\u00e9modable. Noir comme ton \u00e2me, avec le logo typographique blanc brod\u00e9, ce t-shirt sera parfait pour toutes tes manifs. Avec lui, tu seras le plus styl\u00e9 pour affronter les forces de l&#8217;ordre. \u2022 100 % coton \u2022 Sport Grey 90 % coton, 10 % polyester \u2022 Ash Grey 99 % coton, 1 % [&hellip;]<\/p>\n","protected":false},"featured_media":794,"comment_status":"open","ping_status":"closed","template":"","meta":{"_uag_custom_page_level_css":"","site-sidebar-layout":"default","site-content-layout":"","ast-site-content-layout":"default","site-content-style":"default","site-sidebar-style":"default","ast-global-header-display":"","ast-banner-title-visibility":"","ast-main-header-display":"","ast-hfb-above-header-display":"","ast-hfb-below-header-display":"","ast-hfb-mobile-header-display":"","site-post-title":"","ast-breadcrumbs-content":"","ast-featured-img":"","footer-sml-layout":"","theme-transparent-header-meta":"default","adv-header-id-meta":"","stick-header-meta":"","header-above-stick-meta":"","header-main-stick-meta":"","header-below-stick-meta":"","astra-migrate-meta-layouts":"set","ast-page-background-enabled":"default","ast-page-background-meta":{"desktop":{"background-color":"var(--ast-global-color-4)","background-image":"","background-repeat":"repeat","background-position":"center center","background-size":"auto","background-attachment":"scroll","background-type":"","background-media":"","overlay-type":"","overlay-color":"","overlay-opacity":"","overlay-gradient":""},"tablet":{"background-color":"","background-image":"","background-repeat":"repeat","background-position":"center center","background-size":"auto","background-attachment":"scroll","background-type":"","background-media":"","overlay-type":"","overlay-color":"","overlay-opacity":"","overlay-gradient":""},"mobile":{"background-color":"","background-image":"","background-repeat":"repeat","background-position":"center center","background-size":"auto","background-attachment":"scroll","background-type":"","background-media":"","overlay-type":"","overlay-color":"","overlay-opacity":"","overlay-gradient":""}},"ast-content-background-meta":{"desktop":{"background-color":"var(--ast-global-color-5)","background-image":"","background-repeat":"repeat","background-position":"center center","background-size":"auto","background-attachment":"scroll","background-type":"","background-media":"","overlay-type":"","overlay-color":"","overlay-opacity":"","overlay-gradient":""},"tablet":{"background-color":"var(--ast-global-color-5)","background-image":"","background-repeat":"repeat","background-position":"center center","background-size":"auto","background-attachment":"scroll","background-type":"","background-media":"","overlay-type":"","overlay-color":"","overlay-opacity":"","overlay-gradient":""},"mobile":{"background-color":"var(--ast-global-color-5)","background-image":"","background-repeat":"repeat","background-position":"center center","background-size":"auto","background-attachment":"scroll","background-type":"","background-media":"","overlay-type":"","overlay-color":"","overlay-opacity":"","overlay-gradient":""}}},"product_brand":[],"product_cat":[66],"product_tag":[],"class_list":{"0":"post-782","1":"product","2":"type-product","3":"status-publish","4":"has-post-thumbnail","6":"product_cat-t-shirt","7":"desktop-align-left","8":"tablet-align-left","9":"mobile-align-left","11":"first","12":"instock","13":"shipping-taxable","14":"purchasable","15":"product-type-variable"},"uagb_featured_image_src":{"full":["https:\/\/paris-noe.me\/nowaient\/wp-content\/uploads\/2023\/05\/mens-classic-tee-black-back-6452288925265.jpg",2000,2000,false],"thumbnail":["https:\/\/paris-noe.me\/nowaient\/wp-content\/uploads\/2023\/05\/mens-classic-tee-black-back-6452288925265-150x150.jpg",150,150,true],"medium":["https:\/\/paris-noe.me\/nowaient\/wp-content\/uploads\/2023\/05\/mens-classic-tee-black-back-6452288925265-300x300.jpg",300,300,true],"medium_large":["https:\/\/paris-noe.me\/nowaient\/wp-content\/uploads\/2023\/05\/mens-classic-tee-black-back-6452288925265-768x768.jpg",768,768,true],"large":["https:\/\/paris-noe.me\/nowaient\/wp-content\/uploads\/2023\/05\/mens-classic-tee-black-back-6452288925265-1024x1024.jpg",1024,1024,true],"1536x1536":["https:\/\/paris-noe.me\/nowaient\/wp-content\/uploads\/2023\/05\/mens-classic-tee-black-back-6452288925265-1536x1536.jpg",1536,1536,true],"2048x2048":["https:\/\/paris-noe.me\/nowaient\/wp-content\/uploads\/2023\/05\/mens-classic-tee-black-back-6452288925265.jpg",2000,2000,false],"mailpoet_newsletter_max":["https:\/\/paris-noe.me\/nowaient\/wp-content\/uploads\/2023\/05\/mens-classic-tee-black-back-6452288925265-1320x1320.jpg",1320,1320,true],"woocommerce_thumbnail":["https:\/\/paris-noe.me\/nowaient\/wp-content\/uploads\/2023\/05\/mens-classic-tee-black-back-6452288925265-300x300.jpg",300,300,true],"woocommerce_single":["https:\/\/paris-noe.me\/nowaient\/wp-content\/uploads\/2023\/05\/mens-classic-tee-black-back-6452288925265-600x600.jpg",600,600,true],"woocommerce_gallery_thumbnail":["https:\/\/paris-noe.me\/nowaient\/wp-content\/uploads\/2023\/05\/mens-classic-tee-black-back-6452288925265-100x100.jpg",100,100,true]},"uagb_author_info":{"display_name":"Nowaient","author_link":"https:\/\/paris-noe.me\/nowaient\/author\/"},"uagb_comment_info":0,"uagb_excerpt":"Un classique ind\u00e9modable. Noir comme ton \u00e2me, avec le logo typographique blanc brod\u00e9, ce t-shirt sera parfait pour toutes tes manifs. Avec lui, tu seras le plus styl\u00e9 pour affronter les forces de l&#8217;ordre. \u2022 100 % coton \u2022 Sport Grey 90 % coton, 10 % polyester \u2022 Ash Grey 99 % coton, 1 %\u2026","_links":{"self":[{"href":"https:\/\/paris-noe.me\/nowaient\/wp-json\/wp\/v2\/product\/782","targetHints":{"allow":["GET"]}}],"collection":[{"href":"https:\/\/paris-noe.me\/nowaient\/wp-json\/wp\/v2\/product"}],"about":[{"href":"https:\/\/paris-noe.me\/nowaient\/wp-json\/wp\/v2\/types\/product"}],"replies":[{"embeddable":true,"href":"https:\/\/paris-noe.me\/nowaient\/wp-json\/wp\/v2\/comments?post=782"}],"wp:featuredmedia":[{"embeddable":true,"href":"https:\/\/paris-noe.me\/nowaient\/wp-json\/wp\/v2\/media\/794"}],"wp:attachment":[{"href":"https:\/\/paris-noe.me\/nowaient\/wp-json\/wp\/v2\/media?parent=782"}],"wp:term":[{"taxonomy":"product_brand","embeddable":true,"href":"https:\/\/paris-noe.me\/nowaient\/wp-json\/wp\/v2\/product_brand?post=782"},{"taxonomy":"product_cat","embeddable":true,"href":"https:\/\/paris-noe.me\/nowaient\/wp-json\/wp\/v2\/product_cat?post=782"},{"taxonomy":"product_tag","embeddable":true,"href":"https:\/\/paris-noe.me\/nowaient\/wp-json\/wp\/v2\/product_tag?post=782"}],"curies":[{"name":"wp","href":"https:\/\/api.w.org\/{rel}","templated":true}]}}